6*l**2 - 15*l + 6. Let g be j(d). Calculate the highest common divisor of 12 and g.
12
Suppose 3*z - 4*z - 3*k = -4, 2*k = -3*z + 12. Suppose 236 + 44 = z*i. Calculate the highest common divisor of i and 14.
14
Suppose 0 = 4*g - 2*g - 64. Let n(p) = 53*p**2 + 1. Let k be n(1). Let j = 102 - k. Calculate the greatest common divisor of j and g.
16
Let v be -6 + (-18)/(-6) + 111. What is the highest common factor of v and 9?
9
Suppose 37*a - 25*a - 864 = 0. Let k = 12 + -3. Calculate the greatest common divisor of k and a.
9
Suppose 5*d - 172 = 138. Calculate the greatest common divisor of d and 124.
62
Let v be (-4)/10 - (-3010)/25. Calculate the highest common divisor of v and 15.
15
Let p(v) = v**3 + 3*v**2 - 6*v - 4. Let i be p(-4). Let u(r) = -5*r - 2. Let c be u(2). Let n = 18 + c. What is the highest common factor of n and i?
2
Suppose 4*w = 15 + 1. Let v(u) be the third derivative of u**5/60 - u**4/8 - u**3/3 - 9*u**2. Let s be v(5). Calculate the greatest common divisor of s and w.
4
Let p(l) = 68*l - 688. Let u be p(16). What is the highest common factor of 15 and u?
5
Suppose 5*t = 4*x - 108, 2*t = 3*x + 4*t - 58. Suppose -23*m - 22 = -25*m. What is the greatest common divisor of x and m?
11
Suppose -3*v = -2*y + 433, -4*y + 638 + 224 = -2*v. Let g(x) = -x**3 + 11*x**2 - 9*x + 5. Let z be g(9). Calculate the highest common factor of z and y.
43
Suppose 0*q - 7 = -2*y - q, -20 = 4*q. Suppose 5*f = r + 243, 130*f - r - 195 = 126*f. What is the highest common factor of f and y?
6
Let q = 3 + -65. Let z(b) = b**2 + 7*b + 2. Let s be z(-6). Let i be (-12)/8 + q/s. What is the greatest common divisor of 42 and i?
14
Suppose 319 = 3*m - 32. Calculate the highest common divisor of 39 and m.
39
Suppose s + 1 = -k, -4*s + 3*s - 10 = -2*k. Suppose k*w - 28 = 5. Suppose -w*i = -6*i - 125. What is the highest common factor of 225 and i?
25
Suppose -y + 6*y - 2*c - 200 = 0, -4*c = -5*y + 210. Let q(k) = -k - 167. Let d be q(0). Let m = 186 + d. Calculate the highest common factor of y and m.
19
Suppose -13 = 3*h - 43. Suppose h*b - 5*b = 925. Let q = -9 + b. Calculate the highest common divisor of q and 22.
22
Let a be (72/16)/((-3)/(-78)). Suppose -2*m = -4*m + 26. What is the highest common divisor of a and m?
13
Suppose -3*i - 2*i + 280 = 0. Suppose 0 = -5*w + 4*c + 120, -2*w = 3*c - 14 - 34. Let p be w*(12/(-9))/(-4). Calculate the greatest common divisor of i and p.
8
Let b be 3/(7 - 4)*372/12. What is the highest common divisor of 217 and b?
31
Let s = -26 + 39. Suppose 16*n - 117 = 13*n. Calculate the highest common divisor of s and n.
13
Suppose 0*i + 4*q + 58 = 2*i, 138 = 4*i + 3*q. Let s = 885 - 588. What is the greatest common divisor of i and s?
33
Let b(v) = 17*v**3 + v**2. Let j be b(1). Let x be (-3)/j - (-5409)/54. Calculate the highest common factor of x and 10.
10
Let k be (2/8)/((-200)/(-192) + -1). What is the greatest common factor of 17 and k?
1
Let f(a) = 5*a - 16*a + 9*a + 47. Let c be f(14). What is the highest common factor of 76 and c?
19
Let v be (-112)/7*2/((-2)/5). Suppose 4*j = -5*t + 35, 0 = -5*j - 0*t + t + v. What is the highest common factor of 3 and j?
3
Suppose -89*r - 37 = -5*i - 85*r, 19 = 2*i - 3*r. What is the greatest common divisor of i and 775?
5
Let m(l) = -6*l + 15. Let f(v) = 11*v - 30. Let x(q) = -2*f(q) - 5*m(q). Let a be x(8). What is the greatest common divisor of a and 7?
7
Let g be (814/(-3))/(114/(-18) - -6). Calculate the greatest common factor of g and 74.
74
Suppose 100 = -6*w + 31*w. What is the highest common divisor of 8 and w?
4
Suppose -151 + 1386 = 13*a. What is the greatest common factor of 38 and a?
19
Let d be 132/15 - (-5)/25. Let m be 6*15/d - 1. What is the greatest common divisor of 45 and m?
9
Suppose -7 = -5*i + 3. Suppose 0 - 6 = -i*t. Suppose -2*d = t*d - 495. What is the greatest common factor of d and 9?
9
Let i be (-2 - 0)*(-4)/8. Suppose -6*m + 19 = i. Suppose -8*t + 560 = -m*t. Calculate the highest common factor of t and 14.
14
Let d be (-24)/(-9)*2205/28. Suppose 8*c + 2*c = d. Calculate the highest common factor of c and 3.
3
Let k(t) = t**3 + 35*t**2 + t + 64. Let x be k(-35). What is the highest common divisor of 261 and x?
29
Let h = 2671 + -2566. What is the greatest common factor of 3045 and h?
105
Suppose -93 = -2*i - 27. Calculate the greatest common factor of 33 and i.
33
Suppose v + 4 = 4*a, v + 3*v + 2*a = 20. Let l = 306 + -144. Let p = l - 158. Calculate the greatest common divisor of p and v.
4
Suppose 2*y - 10 = y. Suppose 2*l - 56 = y. Let w = -242 - -253. Calculate the highest common divisor of w and l.
11
Suppose -m + 4*r + r - 8 = 0, 0 = 5*m - 4*r - 2. Suppose -6*h + 48 = -m*h. Calculate the highest common divisor of 84 and h.
12
Let b = -871 + 883. What is the highest common factor of 948 and b?
12
Let z be (-2)/(-15) + 18798/90. Suppose -z = -2*y - 1. What is the greatest common factor of y and 13?
13
Suppose -4*a + 161 = -103. Let u(g) = 2*g**3 - 15*g**2 + 21*g - 12. Let d be u(6). What is the highest common divisor of a and d?
6
Let k(l) = 3*l**2 - l. Let q be k(-1). Let h = q - -8. What is the highest common factor of h and 48?
12
Let b = -865 + 1701. Calculate the greatest common factor of b and 76.
76
Let g = 406 - 262. Suppose 3*t = -b + g, 8*t - 3*t = 5. What is the highest common factor of b and 47?
47
Suppose -7*l + 52 = -25. What is the greatest common factor of l and 693?
11
Suppose -7*n = -457 + 51. Calculate the highest common divisor of 290 and n.
58
Let o be 68 - -4*2*(-5)/(-10). Calculate the highest common factor of o and 16.
8
Suppose -3*j + 79 = 4*k, k + 7*j - 17 = 9*j. What is the greatest common divisor of 19 and k?
19
Suppose -b - 476 = -4*l - 2*b, -4*l = 4*b - 464. Suppose f - l = -f. Let k be 0 - (2 + -9 - 3). Calculate the greatest common divisor of k and f.
10
Suppose 0 = -4*f - u + 749, -557 = 2*f - 5*f + 4*u. Suppose 12 = 3*o - o. Let p be 170/15*o/4. Calculate the highest common divisor of f and p.
17
Suppose 4*t - 8 = -4*j + 24, 2*t = 0. Let g(q) = 2*q**2 + 4*q + 3. Let y be g(-1). Let p be (y + 2)*24/9. Calculate the greatest common factor of p and j.
8
Let m(h) = -h**3 - 15*h**2 + 15*h - 15. Let r be m(-16). What is the highest common divisor of 23 and r?
1
Let p be (-1140)/1330*(-28)/3. What is the greatest common factor of 592 and p?
8
Let z(k) = -14*k - 20. Let g be z(-2). Calculate the greatest common divisor of 24 and g.
8
Let r be 4/22 + (-341)/(-121). Let l be (-3)/(r*(-1)/16). What is the greatest common factor of 32 and l?
16
Let y = -524 + 532. What is the greatest common divisor of 536 and y?
8
Suppose 5*m - 6*m - 15 = 0. Suppose 2*b + 3*h = -215, 434 - 144 = -3*b + 2*h. Let q = m - b. What is the highest common factor of q and 17?
17
Let h be -8 + 12 + 1/1. Suppose 2*x = x + 4, -2*a + 56 = h*x. Let l be 0 - (24/(-2) + 0). What is the highest common factor of l and a?
6
Suppose -5*y + 4*y + 44 = 0. Let m be 1 - (-15)/(-12) - 1716/(-16). Let z = -103 + m. What is the greatest common divisor of z and y?
4
Suppose 3*b = -5*n + 23, -b - 19 = -2*n - 3*n. Let s be ((-186)/8)/(b/(-28)). Let f be s/9 + (-1)/3. What is the highest common factor of f and 8?
8
Let t(d) = 131*d**2 + 11*d - 6. Let g be t(3). Calculate the highest common divisor of g and 18.
18
Suppose z - 2*f - 186 = 0, 66 - 629 = -3*z + 5*f. Let o(h) = -h**2 - 45*h - 119. Let g be o(-42). Calculate the greatest common divisor of z and g.
7
Let t be (-8)/6*5*(-192)/40. Let k be 2*8*3/(-4). Let f be (k/(-15))/(1/100). What is the highest common divisor of f and t?
16
Let o(a) = -a**3 + 43*a**2 - 2*a + 154. Let y be o(43). What is the highest common divisor of y and 1598?
34
Let f(q) = q**2 - 3*q - 15. Let p be f(6). Calculate the greatest common divisor of p and 147.
3
Suppose 75*h - 77*h + 124 = 0. Let s = h - 60. What is the greatest common divisor of 22 and s?
2
Let j be (12/3 - 11)/1. Let l = 11 - j. What is the greatest common divisor of 45 and l?
9
Let r(i) = 5 - 6*i + 4*i**2 - 1 + 2 + 13*i. Suppose 0 = -2*v + 2*s + 9 - 31, 20 = -5*v - 2*s. Let u be r(v). Calculate the greatest common factor of u and 12.
12
Let y = 64 + -50. Calculate the greatest common factor of 189 and y.
7
Suppose 0 = -6*t + 3*t - w + 25, 0 = -w + 1. Let x(p) = 4*p**2 - 4*